
Suppose c + 2*g - 71 = 0, -222 = -c - 2*c - 3*g. What is the units digit of 4/22 - ((-112175)/c + -10)?
7
Suppose a - 133 = -o + 20, 5*o - 607 = -4*a. Let b(q) = q**3 - 12*q**2 - 54*q + 46. Let j be b(15). Let f = a + j. What is the tens digit of f?
6
What is the ten thousands digit of (11384/16 - 0)*(-126)/(-7)?
1
Let u = 3685 - 1615. What is the thousands digit of u?
2
Let z = -81 + 146. Let o be (z/(-3))/((-5)/15). Suppose o + 26 = f. What is the units digit of f?
1
Suppose n - 4*f = 7, -16 = 3*n - 3*f - 55. What is the tens digit of -3 + n/((-135)/(-234))?
2
Let p(h) = 1151*h + 1374. What is the hundreds digit of p(8)?
5
Suppose 0 = -4*j + 20, 3*j - 46 = -2*a - j. Suppose a*k - 608 = 17*k. Let y = -53 - k. What is the units digit of y?
9
Let z = -195 + 29. Let w = -370 - z. Let p = 301 + w. What is the units digit of p?
7
Suppose 0 = l + 2*z - 26, -2*l + 95 - 27 = -4*z. Suppose -2*t + 471 = 5*d, d - l = 5*t + 48. Suppose 0 = -4*o - 29 + d. What is the units digit of o?
6
Suppose 6 = 2*x, 5*p + 2*x = 246 + 820. Let b(l) = 37*l**2 - 2*l - 2. Let r be b(-2). Suppose -5*i = -3*d - 0*i + p, -i + r = 2*d. What is the units digit of d?
4
Let m(z) = 3*z**2 + 26*z - 9. Let a be m(-9). What is the units digit of -3*(a + -5 - 122)?
1
Suppose 3*s - 3*r = 0, 2*r = 5*s - 2 - 7. Suppose -i + 0*i - s = 0. What is the units digit of 76 - (0 - 0 - i)?
3
Suppose -3*c = 2*t + c - 6, 3 = -3*c. Suppose -7 = -p - t. Suppose -4*y = r + 3*r - 756, p*y - 378 = 5*r. What is the tens digit of y?
8
Suppose 5*c + 3*k = 5191, -3*k = -c + 330 + 719. Suppose -6 = 3*g, 3*y - 5*g - 138 = -c. Let p = y + 529. What is the units digit of p?
5
Suppose -326*q + 324*q + 2*r + 54278 = 0, -4 = -r. What is the tens digit of q?
4
Suppose 0 = 92*u - 73*u - 186466. What is the thousands digit of u?
9
Suppose -67768 = -5*d + 2*h, -9*h - 54212 = -4*d - 8*h. What is the ten thousands digit of d?
1
Suppose 0 = -41*d + 38*d + 4*b - 4158, -2*b = 2*d + 2786. Let m = 101 - d. What is the units digit of m?
1
Let z(g) be the second derivative of -3*g**5/20 - g**4/12 + 22*g**2 - 91*g. What is the units digit of z(-6)?
6
What is the units digit of 6 + (2/2)/(60/619320)?
8
Let u = -50902 - -131126. What is the thousands digit of u?
0
Let r(z) = z**3 + 28*z**2 + 14*z + 63. Let n be r(-28). Suppose -155 = 5*l + 750. Let y = l - n. What is the tens digit of y?
4
Suppose 20*j = -2*j + 112706. What is the thousands digit of j?
5
Let u = -19955 - -40032. What is the thousands digit of u?
0
Let d = -17275 + 24568. What is the thousands digit of d?
7
Suppose -3*k - 65 + 77 = 0, -4*k = 3*a - 718. What is the tens digit of (-36)/a - (0 - (-11767)/(-13))?
0
Suppose -139*t = -138*t - 54. Suppose 3*s + 9 = 0, -6*s + 2*s - 10 = f. Let w = t + f. What is the tens digit of w?
5
Suppose -9071*y + 9074*y = 96462. What is the hundreds digit of y?
1
Let h(u) be the first derivative of -u**3 - 45*u**2/2 + 3*u + 89. What is the units digit of h(-14)?
5
Suppose -15*i - 9134 = 18676. What is the hundreds digit of (i/(-12))/(-1 - (-3)/2)?
3
Suppose -12*t + 147024 = 39672. Suppose 0 = x - 7*x + t. What is the units digit of x?
1
Let i = 66 + 866. What is the tens digit of (-27)/135 + i/10 + -1?
9
Suppose -3*c + 29 = 4*h, 8*c + 3*h = 9*c - 1. Suppose -9*d = c*d - 352. What is the tens digit of d?
2
Suppose 0 = 5*u - 20, 4*v = 2*u + 172 + 60. What is the units digit of 48/v*(-10)/(-4) + 0?
2
Let w(x) = x**3 - 5*x**2 - 24*x. Let k be w(8). Suppose u - 5*l - 436 = k, u = -5*l + 196 + 200. What is the tens digit of u?
1
Let d = -97 + 52. Let a be (-18)/d - (-336)/10. Suppose -146 - a = -4*j. What is the tens digit of j?
4
Let a = -15 + 48. Let n be 3/(-5) + (-8)/((-40)/a). Suppose -n*g + 2 = -4*g. What is the units digit of g?
1
Suppose -y = -0*q - 2*q - 49, -2*q - 34 = 4*y. Let k(s) = 14*s - 106. Let a be k(10). Let x = a - q. What is the tens digit of x?
5
Let f(g) be the first derivative of g - 15. Let l(x) = 2*x**2 + 5*x - 12. Let u(y) = 5*f(y) + l(y). What is the tens digit of u(-6)?
3
Suppose -w + 5*g + 4256 = 0, 87*w - 5*g + 8527 = 89*w. What is the thousands digit of w?
4
Suppose 0 = -4*r - 2*m + 58342, -43754 = -3*r - 31*m + 29*m. What is the tens digit of r?
8
Let u = -13 + 18. Let l = 21 + 412. Suppose 0 = -r + 4*b + 126, 257 + l = 5*r - u*b. What is the units digit of r?
2
Suppose -72*z = 18*z + 875 - 336935. What is the thousands digit of z?
3
Let k(v) = -v**3 + 7*v**2 + v + 7. Let r be k(7). Suppose -r*o - 1221 = -25*o. What is the units digit of o?
1
Suppose -3*u + 52882 = -119*r + 123*r, 0 = -u - 4*r + 17614. What is the hundreds digit of u?
6
Let r be -1 - (-2 + -4 - 0). Let m be -3 - (-10 - -2) - 2/1. Suppose -m*c - 494 = -3*f - r*c, -4*c = -3*f + 506. What is the hundreds digit of f?
1
Suppose -8057 = 14*f - 108703. What is the hundreds digit of f?
1
Let s(r) = 35 - 11 - 16 + 61*r. What is the hundreds digit of s(2)?
1
Let j = 14216 - 6115. What is the units digit of j?
1
Suppose 22 = 5*q + a + 3*a, -2*a = 2*q - 10. Suppose -q*r = 4*r - 30. Suppose -v + h + 55 = -h, -r*v - 5*h = -245. What is the units digit of v?
1
Let i(y) = -1585*y + 404. What is the tens digit of i(-4)?
4
Let s be ((-4520)/(-3))/(12/54). Suppose -6*w + 26*w = s. Let n = w - 151. What is the hundreds digit of n?
1
What is the tens digit of (((-9)/6)/(2/4))/(960/(-4649600))?
3
Let l = 75630 - 3881. What is the ten thousands digit of l?
7
Let s(v) = -42*v + 84. Let q be s(2). Let g = 130 - 67. Suppose 0*r - 2*r + z + g = 0, q = -2*r - 2*z + 48. What is the units digit of r?
9
Let p be -4*1*(-3710)/20. Suppose -6*f + 3*f - 710 = -2*y, 2*y + 5*f - p = 0. Suppose 2*w - y = -117. What is the units digit of w?
2
Let r(y) = -y**2 + 14*y - 7. Let t be r(14). Let b be ((-6)/t)/(20/(-140)). What is the units digit of ((-73)/(-2))/((-6)/72*b)?
3
Suppose 37 - 93 = m. Let a = -38 - m. What is the tens digit of a/14 + -1 - 561/(-21)?
2
Let o(w) = 73*w - 62. Let g be o(24). Let z be g/60 + (-3)/18. What is the tens digit of 12/z - ((-432)/21 - -3)?
1
Suppose 4*z - 35485 = -3*r, 5*z + 35484 = 3*r + 8*z. What is the units digit of r?
7
What is the tens digit of (-362868)/(-33) - (0 + -4)?
0
Let f(c) = -33*c + 2. Let q be f(2). Let w be (q/(-10))/(-5 + (-156)/(-30)). Suppose 9*j - w = j. What is the units digit of j?
4
Suppose 5670*p = 5675*p - 51320. What is the hundreds digit of p?
2
Suppose 3*r - 3275 = -4*d + 2780, 4*r = 5*d - 7530. Suppose -d = -16*p + 11*p. What is the tens digit of p?
0
Suppose z = 4*q + 1328, 9*z = 4*z + q + 6583. Suppose -p = -z + 219. What is the tens digit of p?
9
Let u be 0/1 - 1 - -3. Let o(k) = -166*k + 921. Let h be o(5). Suppose -q + 86 + h = 2*l, 4*l = u*q + 374. What is the tens digit of l?
9
Suppose -s + 27 = -0*s. Suppose s*d + 222 = 30*d. Suppose -256 = -d*t + 70*t. What is the units digit of t?
4
Let w(a) = -9*a. Let h be w(5). Let u = h - -51. Suppose -g + u*g - 800 = 0. What is the hundreds digit of g?
1
Let d = 324 - 324. Suppose -5*f + 1080 = 2*g, -3*g + 2*g + f + 547 = d. What is the units digit of g?
5
Let r = 19824 - 18192. What is the units digit of r?
2
Let h(a) = -a**2 + 12*a - 16. Suppose -5*u = -41 + 26. Let v be u + (-5)/(10/(-8)). What is the units digit of h(v)?
9
Suppose -3*m - 23 = 4*c, c - 4*m + 3*m - 3 = 0. Let u(d) = d**3 - 1 + 1 - 4*d**2 - 14*d**3. What is the units digit of u(c)?
8
Let i = 18772 + -7975. What is the units digit of i?
7
Let i = 10530 - -5738. What is the units digit of i?
8
Let v = 19502 - 17428. What is the tens digit of v?
7
Let g(q) = 3*q**3 + 8*q**2 - 5*q - 10. Let y be g(-6). Let m = 783 + y. What is the units digit of m?
3
What is the hundreds digit of ((-460)/(-30) + -12)*1401?
6
Suppose 3*c - 51442 = -260*o + 258*o, -85745 = -5*c - 5*o. What is the units digit of c?
4
Let d(f) = f**3 - 11*f**2 + 4*f + 14. Let r be d(10). What is the hundreds digit of 50/10*r/(-2)?
1
Let o(b) = -113*b - 254. Let k(i) = -38*i - 85. Let h(n) = -7*k(n) + 2*o(n). What is the tens digit of h(19)?
4
Let t(l) = 39*l**3 + l - 1. Suppose -n + 5*n = -20, 0 = 5*m - 3*n. Let x be m/(-12)*4*1. What is the tens digit of t(x)?
3
Let b(d) = -38*d**3 - 6 - 2*d**2 - 27*d**3 + 3 + 4*d + 66*d**3. Let j be b(2). Suppose -j*u + 385 = 3*f - f, -745 = -4*f - 5*u. What is the units digit of f?
0
Let t(m) = 603*m